ided by p.
8
Let z be (-208)/8 - 2/(-2). Let m be (-1)/(-3 + (-110)/(-37)). Let k = z + m. Calculate the remainder when k is divided by 7.
5
Calculate the remainder when 86 is divided by (-363)/44*(16/(-6) - 0).
20
Let i = 16 - -18. Suppose 0 = -t - 5*x + i, x - 85 = -4*t - 2*x. Let r = 41 - t. What is the remainder when 43 is divided by r?
21
Let l(u) = u**3 + 3*u**2 + 3. Let f be l(-3). Suppose -3*q + 8 = -f*o - 13, 5*o = 4*q - 30. Let d = -3 - -16. Calculate the remainder when d is divided by q.
3
Suppose 0 = -0*x + 4*x. Calculate the remainder when -31*(-3 + 2 - x) is divided by 11.
9
Suppose -2*o + 12 + 2 = 0. What is the remainder when o is divided by ((-5)/(10/12))/(-2)?
1
Let b(j) = -4*j + 4. What is the remainder when b(-5) is divided by 13?
11
Suppose -20 = -0*r - 5*r. Calculate the remainder when 14 is divided by r.
2
Let z be ((24 - 0)/2)/1. Suppose h + 2 = -h + 2*w, 2*h - 4*w = -z. Calculate the remainder when 15 is divided by h.
3
Suppose -2*l + 33 + 61 = 0. Suppose 2*s - 21 = 5*j + 3, s - 12 = 3*j. Calculate the remainder when l is divided by s.
11
Suppose -4*w = -9*w + 10. Let d = 12 - 4. Let m = d - 4. Calculate the remainder when m is divided by w.
0
Let w(q) = -q**3 - 28*q**2 - 6*q + 34. Calculate the remainder when w(-28) is divided by 41.
38
Let o(q) = q**3 - q**2 - 5*q + 3. Let h be o(3). What is the remainder when 3/h*(2 - -58) is divided by 16?
14
Suppose 0 = 5*l - 0*l - 45. Calculate the remainder when l is divided by (-20)/(-8)*12/10.
0
Let o(a) = -a**3 + 19*a**2 - 16*a - 21. Calculate the remainder when o(18) is divided by (0 - -1)*0 + 9.
6
Let b = 395 - 233. Suppose 3*g + 21 = b. Suppose 3*u = 5*h - 163, u = 2*h - g - 19. What is the remainder when h is divided by 12?
11
Let x = -14 - -50. Calculate the remainder when 176 is divided by x.
32
Let v(q) = -q - 3. Let g(h) = h**3 + 6*h**2 + 7. Let o be g(-6). Let p = 10 - o. Calculate the remainder when v(-7) is divided by p.
1
Suppose -2*t + 3*v + 1 = 6, -2*t - v + 7 = 0. What is the remainder when t is divided by 0 - 2*(-1)/2?
0
Let p = -5 - -10. Let b(c) = -c**2 + 6*c - 5. What is the remainder when p is divided by b(4)?
2
Let o = -11 + 29. Suppose -3*i + 48 = o. Let g = -6 + i. What is the remainder when g is divided by 3?
1
Let z = 8 - 5. Let i(f) = -f**3 + 6*f**2 + 3*f - 4. Let k be i(6). Let j = k + -9. What is the remainder when j is divided by z?
2
Let t(f) be the third derivative of f**5/60 - f**4/4 - 2*f**2. Let p be t(9). Let b = p + -16. What is the remainder when 32 is divided by b?
10
Let r = 20 + -12. What is the remainder when r is divided by 4?
0
Let h(n) = 3*n**2 + 32*n - 6. What is the remainder when 293 is divided by h(-12)?
41
What is the remainder when (1/2)/(2/(-216)*-2) is divided by 10?
7
Let h(b) = -b**3 - 8*b**2 + 5*b - 10. Let m be h(-8). What is the remainder when 1*-1*(m - -3) is divided by 10?
7
What is the remainder when 6 is divided by 12/2*10/15?
2
Let n be (-158)/(-6)*(-3 - -9). Suppose n = -4*s + 5*i + 33, 4*s = -2*i - 118. Calculate the remainder when s/(-9)*(-24)/(-5) is divided by 9.
7
Suppose 17*q - 18*q - 11 = 0. Let o = 5 - q. What is the remainder when 63 is divided by o?
15
Let t be 15/(-9) + (-2)/(-3). What is the remainder when 19 is divided by t/6 - 31/(-6)?
4
Let h(z) = -3*z**2 + z**2 - 4 + z**2 + 15. What is the remainder when 42 is divided by h(0)?
9
Let l = -32 + 54. Calculate the remainder when 43 is divided by l.
21
Suppose 0 = -2*n + 8, 2*p - 2*n - 126 = -5*n. Let l = p + -40. What is the remainder when 48 is divided by l?
14
Let l = 1 + 27. What is the remainder when 110 is divided by l?
26
Suppose -10*z = -11*z + 23. What is the remainder when z is divided by 6?
5
Let x be 276/27 + (-4)/18. Suppose 5*g = 4*g + x. What is the remainder when 28 is divided by g?
8
Let f = -5 + 9. Suppose -2*k = 3*i - 0*i - 27, 4*k - 12 = 0. Suppose i = f*b - 13. What is the remainder when 14 is divided by b?
4
Let j(g) = 2*g - 8. Let y be j(6). Suppose 3*h - 5*i - 144 + 41 = 0, -i - 160 = -y*h. Calculate the remainder when h is divided by 14.
13
What is the remainder when (-16)/(-32) + 258/4 is divided by 23?
19
Suppose 37 + 7 = 4*p. What is the remainder when 32 is divided by p?
10
Suppose 0*h - 10 = -w - h, 3*h + 18 = 3*w. Let d = w + -5. Suppose 9 = 3*l - d. Calculate the remainder when 10 is divided by l.
2
Suppose 7 = -3*b + 1, -3*w = 3*b - 24. What is the remainder when 39 is divided by w?
9
Let q = 6 + -2. Suppose 5 = c + 3. Suppose 4*l + 4*o = 60, -o = 2*l + c*o - 30. Calculate the remainder when l is divided by q.
3
Let w(q) = q**3 - 7*q**2 + 7*q + 1. Let o be w(6). Suppose 4*s + 2*z = 6, -s + 5*z + o = -0*s. What is the remainder when 2 is divided by s?
0
Let v = -7 + 11. Let m = 109 - 76. Let l = m - 23. Calculate the remainder when l is divided by v.
2
Suppose -25 = -5*c + 40. Let m(x) = 5*x - 1. Let n be m(-6). Let i = 81 + n. Calculate the remainder when i is divided by c.
11
Suppose -2*u + 4*u = 70. Calculate the remainder when u is divided by 9.
8
Let s(l) = -2*l**3 + l**2 - 8*l + 2. Let c(x) = -3*x**3 + 2*x**2 - 16*x + 4. Let g(r) = 3*c(r) - 5*s(r). What is the remainder when g(3) is divided by 5?
4
Suppose 5*j - 50 = -5*z + z, 3*z = 0. Let y = 28 + -10. Calculate the remainder when y is divided by j.
8
Suppose -5*x - 30 = 3*l, -13 = x - 0*x + 2*l. Let n(g) = -g**3 - 2*g**2 + 2*g + 1. What is the remainder when n(x) is divided by 2?
0
Let n(l) = -l**3 - 8*l**2 + 6*l + 5. What is the remainder when n(-9) is divided by 11?
10
Suppose -3*a = -y + 30, -2*y + 4*a - 6*a + 20 = 0. Suppose 0*s = 5*s - y. Calculate the remainder when 4 is divided by s.
1
Suppose 2*d + 4*s = 38, 3*s - 59 = 3*d - 161. Let k(p) = p + 17. What is the remainder when d is divided by k(-7)?
9
Suppose 7*k - 2*k - 4*w - 62 = 0, k - 1 = -3*w. Suppose 0 = -5*z + 45 - k. What is the remainder when 19 is divided by z?
5
Let s = 8 - 4. Suppose s*v - 16 = 0, 2*c - 32 = -2*c + v. Calculate the remainder when 16 is divided by c.
7
Suppose 2*o = 18 + 2. Let s = 10 + 8. Calculate the remainder when s is divided by o.
8
Let c(h) = 10*h - 1. Calculate the remainder when 74 is divided by c(2).
17
Suppose 0 = -5*w - 3*l + 49, 29 = w + 2*w + 2*l. What is the remainder when w is divided by 7?
4
Let s be (-1)/(-4) + 2697/12. Suppose 2*c - s = -3*c. What is the remainder when c is divided by 12?
9
What is the remainder when 13 is divided by (-40)/(-16) + 2/4?
1
Suppose 61 = 4*c + k, 3*k - 5*k = -3*c + 43. Calculate the remainder when c is divided by 6.
3
Let x(q) = 11*q - 33. What is the remainder when x(7) is divided by 16?
12
Let y(m) = -m + 8. What is the remainder when 64 is divided by y(-5)?
12
Suppose 5*m - i + 2*i + 28 = 0, -6 = 2*m + 3*i. Let j = 7 + -1. What is the remainder when 3*8/(-9)*m is divided by j?
4
Suppose -4*d + 2*g + 9 = -g, 0 = -5*g + 5. Let c(t) = 17*t - 4. Let r = 45 - 29. What is the remainder when c(d) is divided by r?
15
Let d = 33 + -47. Let z = 102 + -51. Let f = d + z. What is the remainder when f is divided by 10?
7
Let r(p) = -p**2 - 11*p + 12. Let s = 21 + -30. Let l be r(s). Suppose l = 2*h + 6. What is the remainder when 22 is divided by h?
10
Suppose -3*p = -2*k - 39, p - 11 = k + 1. Calculate the remainder when 43 is divided by p.
13
Suppose -4*p - 3 + 25 = -2*u, -5*p + 3*u = -29. Let q = 0 + p. What is the remainder when 14 is divided by q?
2
Suppose 0*a + 4*i + 32 = 2*a, 2*i = -2*a + 26. Calculate the remainder when a is divided by 46/6 + 11/33.
6
Let o(v) = v**3 + 5*v**2 - 12*v - 20. Calculate the remainder when 42 is divided by o(-6).
10
Suppose -2*u + 74 = 5*d - 84, -2*d - 5*u = -80. Let w be (-1)/(-2)*2*11. Suppose f + w = d. Calculate the remainder when 36 is divided by f.
17
Suppose -7 = 4*w - 5*w + 5*z, -3*w - z + 37 = 0. Let a = -62 - -67. What is the remainder when w is divided by a?
2
Let q be (4/(-12))/((-1)/6). Let w = 6 + -4. What is the remainder when q/4 + 11/w is divided by 4?
2
Let t(w) = -w - 10. Let y be t(-8). Calculate the remainder when (-28 + y)/(2/(-3)) is divided by 16.
13
Let o = -44 + 53. What is the remainder when 24 is divided by o?
6
Suppose 5*x = x + 84. Calculate the remainder when x is divided by 11.
10
Let c = 16 + -13. Let p = c + 9. Calculate the remainder when 21 is divided by p.
9
Let x(